Calculate the remainder when 556 is divided by 104.
36
What is the remainder when 2535 is divided by 47?
44
What is the remainder when 7960 is divided by 9?
4
What is the remainder when 242 is divided by 35?
32
Calculate the remainder when 77 is divided by 19.
1
What is the remainder when 55 is divided by 11?
0
Calculate the remainder when 416 is divided by 9.
2
What is the remainder when 1184 is divided by 15?
14
Calculate the remainder when 597 is divided by 24.
21
What is the remainder when 220 is divided by 124?
96
Calculate the remainder when 708 is divided by 139.
13
What is the remainder when 6493 is divided by 191?
190
What is the remainder when 572 is divided by 196?
180
Calculate the remainder when 402 is divided by 37.
32
Calculate the remainder when 1844 is divided by 56.
52
What is the remainder when 305 is divided by 14?
11
What is the remainder when 164 is divided by 15?
14
What is the remainder when 192 is divided by 57?
21
What is the remainder when 171 is divided by 56?
3
What is the remainder when 364 is divided by 101?
61
Calculate the remainder when 472 is divided by 22.
10
Calculate the remainder when 4018 is divided by 8.
2
Calculate the remainder when 992 is divided by 60.
32
What is the remainder when 9968 is divided by 49?
21
What is the remainder when 2943 is divided by 47?
29
Calculate the remainder when 487 is divided by 185.
117
What is the remainder when 18899 is divided by 18?
17
What is the remainder when 107 is divided by 58?
49
What is the remainder when 653 is divided by 3?
2
What is the remainder when 216 is divided by 81?
54
What is the remainder when 263 is divided by 85?
8
What is the remainder when 6024 is divided by 21?
18
Calculate the remainder when 41 is divided by 24.
17
What is the remainder when 20 is divided by 7?
6
What is the remainder when 5342 is divided by 32?
30
Calculate the remainder when 1022 is divided by 71.
28
Calculate the remainder when 312 is divided by 7.
4
What is the remainder when 126 is divided by 3?
0
Calculate the remainder when 38 is divided by 5.
3
What is the remainder when 941 is divided by 287?
80
Calculate the remainder when 531 is divided by 138.
117
What is the remainder when 1119 is divided by 33?
30
Calculate the remainder when 2574 is divided by 21.
12
What is the remainder when 739 is divided by 10?
9
Calculate the remainder when 82 is divided by 45.
37
Calculate the remainder when 15 is divided by 8.
7
Calculate the remainder when 422 is divided by 40.
22
What is the remainder when 320 is divided by 36?
32
What is the remainder when 11517 is divided by 12?
9
Calculate the remainder when 55623 is divided by 34.
33
What is the remainder when 136 is divided by 36?
28
Calculate the remainder when 1496 is divided by 100.
96
What is the remainder when 158 is divided by 4?
2
What is the remainder when 227 is divided by 98?
31
What is the remainder when 123 is divided by 62?
61
What is the remainder when 15436 is divided by 62?
60
Calculate the remainder when 880 is divided by 865.
15
What is the remainder when 322 is divided by 40?
2
Calculate the remainder when 460 is divided by 93.
88
Calculate the remainder when 7529 is divided by 2507.
8
Calculate the remainder when 3398 is divided by 63.
59
Calculate the remainder when 96 is divided by 78.
18
Calculate the remainder when 1495 is divided by 136.
135
Calculate the remainder when 135 is divided by 17.
16
Calculate the remainder when 92 is divided by 72.
20
Calculate the remainder when 5386 is divided by 27.
13
What is the remainder when 417 is divided by 54?
39
Calculate the remainder when 889 is divided by 11.
9
What is the remainder when 378 is divided by 127?
124
Calculate the remainder when 249 is divided by 18.
15
What is the remainder when 27 is divided by 25?
2
Calculate the remainder when 51 is divided by 25.
1
Calculate the remainder when 53 is divided by 14.
11
What is the remainder when 476 is divided by 227?
22
Calculate the remainder when 59 is divided by 20.
19
What is the remainder when 433 is divided by 15?
13
Calculate the remainder when 559 is divided by 84.
55
What is the remainder when 9886 is divided by 24?
22
What is the remainder when 1398 is divided by 54?
48
Calculate the remainder when 1090 is divided by 21.
19
Calculate the remainder when 4282 is divided by 84.
82
What is the remainder when 6882 is divided by 6865?
17
Calculate the remainder when 1416 is divided by 239.
221
What is the remainder when 498 is divided by 50?
48
Calculate the remainder when 2374 is divided by 12.
10
Calculate the remainder when 1747 is divided by 11.
9
Calculate the remainder when 358 is divided by 10.
8
What is the remainder when 443 is divided by 118?
89
What is the remainder when 304 is divided by 104?
96
Calculate the remainder when 385 is divided by 67.
50
Calculate the remainder when 94 is divided by 25.
19
Calculate the remainder when 322 is divided by 20.
2
Calculate the remainder when 207 is divided by 6.
3
Calculate the remainder when 66 is divided by 7.
3
What is the remainder when 275 is divided by 250?
25
Calculate the remainder when 397 is divided by 180.
37
Calculate the remainder when 84 is divided by 5.
4
Calculate the remainder when 230 is divided by 33.
32
What is the remainder when 546 is divided by 129?
30
Calculate the remainder when 818 is divided by 39.
38
What is the remainder when 675 is divided by 226?
223
Calculate the remainder when 831 is divided by 17.
15
Calculate the remainder when 283 is divided by 82.
37
What is the remainder when 26267 is divided by 12?
11
Calculate the remainder when 206 is divided by 67.
5
Calculate the remainder when 209 is divided by 46.
25
What is the remainder when 4735 is divided by 103?
100
Calculate the remainder when 272 is divided by 73.
53
Calculate the remainder when 1553 is divided by 194.
1
Calculate the remainder when 35 is divided by 6.
5
Calculate the remainder when 73 is divided by 41.
32
What is the remainder when 161 is divided by 36?
17
What is the remainder when 1595 is divided by 528?
11
Calculate the remainder when 188 is divided by 78.
32
Calculate the remainder when 190 is divided by 89.
12
What is the remainder when 87 is divided by 51?
36
What is the remainder when 752 is divided by 247?
11
Calculate the remainder when 1085 is divided by 109.
104
What is the remainder when 560 is divided by 296?
264
What is the remainder when 1247 is divided by 24?
23
What is the remainder when 1983 is divided by 62?
61
Calculate the remainder when 90 is divided by 31.
28
What is the remainder when 250 is divided by 42?
40
What is the remainder when 530 is divided by 38?
36
What is the remainder when 2606 is divided by 69?
53
What is the remainder when 660 is divided by 39?
36
Calculate the remainder when 92 is divided by 12.
8
What is the remainder when 560 is divided by 172?
44
What is the remainder when 559 is divided by 27?
19
What is the remainder when 125 is divided by 38?
11
Calculate the remainder when 309 is divided by 78.
75
What is the remainder when 69 is divided by 14?
13
Calculate the remainder when 196 is divided by 42.
28
What is the remainder when 265 is divided by 99?
67
What is the remainder when 15 is divided by 8?
7
What is the remainder when 354 is divided by 125?
104
Calculate the remainder when 659 is divided by 12.
11
Calculate the remainder when 669 is divided by 650.
19
What is the remainder when 1203 is divided by 19?
6
What is the remainder when 3157 is divided by 62?
57
What is the remainder when 766 is divided by 12?
10
What is the remainder when 2979 is divided by 20?
19
Calculate the remainder when 43 is divided by 12.
7
What is the remainder when 763 is divided by 7?
0
What is the remainder when 104 is divided by 64?
40
Calculate the remainder when 17 is divided by 7.
3
Calculate the remainder when 925 is divided by 32.
29
What is the remainder when 287 is divided by 272?
15
Calculate the remainder when 113 is divided by 13.
9
Calculate the remainder when 200 is divided by 18.
2
Calculate the remainder when 19 is divided by 9.
1
What is the remainder when 1505 is divided by 1494?
11
What is the remainder when 39 is divided by 24?
15
Calculate the remainder when 31 is divided by 16.
15
Calculate the remainder